f (-13 - (-16 + 18)) + -31?
-46
-96 - (-5 - 54) - 7
-44
44 + -87 + (-79 - -110)
-12
(-648 - -693 - (-1 + 9)) + -173
-136
Calculate -3 + 11 + -8 - 3 - -10.
7
What is the value of -21 - (9 - (-24 - -9) - 71)?
26
Calculate (-5397 - -5555) + (-2 - 86).
70
(-4 - 26) + -78 + 73
-35
-138 + (10 - -6) - (5 + 10 + (-33 - -9))
-113
Calculate 4 + 3 + 4 + -5 + (8 - 12) + -4.
-2
Evaluate -20 + 14 + -28 - (0 - 6).
-28
What is -101 + (17 - -61) + 85?
62
Calculate -9 - 0 - (-27 - 2 - (-20 + -5)).
-5
Calculate -81 + (182 + -47 - -18).
72
What is the value of 67 + -46 + 21 - 7?
35
-11 - ((292 - 288) + (-1 - 3) + -2 - 55)
46
Evaluate 1 - ((-5 - 37) + 66 - (1 - -7)) - -4.
-11
Calculate (-29 - -75) + -47 - (0 - 12) - -5.
16
What is the value of -57 + 106 - 178 - -16?
-113
13 + 0 + -1 - (-1629 + 1683)
-42
Calculate -1 - (-17 - (-6 - -3)) - (1525 - 1510).
-2
What is 132 - 43 - 42 - 35?
12
27 - -3 - -28 - -5
63
What is the value of 16 - -8 - 15 - 39?
-30
What is -3 + 1 + (18 - 28 - (-12 + 1))?
-1
What is the value of (-5 + -1 + 3 - 21) + 49?
25
What is the value of -903 + 797 + 6 + 24 + -1?
-77
Calculate -1 + -6 + 16 + -1 - (23 - 71).
56
What is 25 - 0 - (-11 + (2 - 1 - (-1050 - -1052)))?
37
Evaluate 16 - (28 - 7 - (-20 - 33)).
-58
What is the value of (-11 - 1 - -10) + -5 + 50 + -38?
5
-6 - 1 - (-18 - (-17 - (3 + -32)))
23
6 + (13 - 5) + 7 + -10 - -13
24
-105 - (-43 + -118 + 61)
-5
Evaluate (72 - (30 + (-5 - 9)) - 20) + -23.
13
What is 181 + -50 + -178 + -2 + 18?
-31
8 - (54 + 49 + -107 - (2 + 0 - -4))
18
Evaluate (0 + 4 - -3) + (21 + -58 - -104).
74
Calculate 3 - -22 - (35 + -54 + 37) - -11.
18
Evaluate -132 + 230 + -39 + (-7 - 2).
50
Calculate -50 + 5 + -30 + 17 + 4.
-54
1 + 6 + 386 + -419
-26
What is 10 + (9 - 24) + -38 + (-2 - 12)?
-57
Evaluate 17 + (-224 - -241) + (1 - 15) + -43.
-23
What is the value of (-9 - -15) + 10 - (-16 - -25)?
7
What is the value of (-36 - -76 - 137) + 63?
-34
Calculate 35 + -39 + (1 - -30) + (-14 - -39).
52
Calculate 16 + -14 - -25 - -20 - -1.
48
What is (-2 - -4) + (-7 - -13) + -46?
-38
Calculate 25 + 33 + 43 + -120.
-19
What is the value of 10 + -48 - (0 + -1 + 0 - (-3 - -2))?
-38
Calculate (-3 - (-69 + 7)) + (-3 + 17 + -15 - -2).
60
Calculate -25 + 50 - 45 - (-47 + -15).
42
Evaluate 0 + -35 + (-5662 - -5630).
-67
What is the value of (-302 - -296) + (3 - 5 - 2) + (0 - 1)?
-11
Calculate (-301 - (193 + -361)) + (-1 - -17) + 0 + -1.
-118
Calculate (2 - (749 + -715 - ((-1 - -2) + 5))) + -9.
-35
36 - -34 - (-14 + 46 + -11)
49
What is the value of (1 - -52) + (1 - 28) + -205 + 227?
48
What is -151 - (10 - -1 - (-4 - (53 - 88)))?
-131
What is the value of -6 - (1 + -9 - 4) - ((93 - 5) + 3)?
-85
Calculate -129 + (-1 - 7 - (-145 - -111)).
-103
What is the value of -1 + (-2 - -1 - 6) + 8 - (-61 + 66)?
-5
What is 4 + 0 + -10 + (11 - -13)?
18
What is -87 - (-50 + 34 - -3)?
-74
What is -3 + -24 + (0 - 16) - 11 - 15?
-69
Evaluate -20 + (-31 - 8 - -29) + (-1 - -1) + 5.
-25
What is 6 + 20 + (5 - 25) + 37?
43
Evaluate -29 + -2 - ((28 - 33) + -34).
8
(7 - 47) + 341 + -328
-27
What is the value of 814 + -854 - (-7 + (1 - -33))?
-67
Evaluate 69 - (172 + -174 - (-10 - -2) - (-3 - -7)).
67
Evaluate 1 - (-12 - (46 + 5)).
64
What is -3 + 4 + -58 + (22 + -8 - -1)?
-42
Calculate (-36 - (32 - 95)) + (-75 - -1).
-47
17 + (6 - -2 - 25 - 18) + -13
-31
-12 + -6 + 15 - (-148 - -130)
15
68 + 19 + 2 - (-25 - -15 - (-2 - 15))
82
-27 - (-40 + 22 - 74)
65
-44 + 81 + -111 - -21
-53
(-42 - -6 - -55 - 128) + -22
-131
Evaluate (-8 + 7 + (-29 - -20) - 4) + 37.
23
Evaluate (-54 + 34 - -6) + -40.
-54
What is 14 - (52 + 69) - (0 - -4 - 0 - -8)?
-119
(-27 - (-42 + 6)) + (-3 - -8 - (8 + 0))
6
Calculate 58 - 58 - 19 - -27.
8
1 + (15 - (-5 + -22 + 22))
21
Calculate 1 - (18 + (22 + -13 - 14) + (2 - -59)).
-73
What is the value of (21 + -10 - 12) + (36 - 61)?
-26
(-6 - (-16 - -10 - -1)) + (-1 - -17)
15
What is -63 - (-2 + 30 - (-31 - (-100 - -54)))?
-76
(4 - 22) + 6 - (-5 - -29)
-36
What is (-6 - 2) + (-8 + 4 + 12 + -6 - 8)?
-14
What is the value of -16 - -2 - (-28 + 11 + -3 - -32)?
-26
-89 + 0 - (4201 + -4232)
-58
Calculate (-19 - -48) + -13 + 11 + -14.
13
-8 + 0 + (11 - -7) + -40 + -7
-37
Evaluate -74 - ((16 - (17 + -8 - -9)) + -4).
-68
Calculate (37 - (-93 - -221)) + 10.
-81
What is -29 + (-16 - (-36 + (5 - -10)))?
-24
Evaluate 13 + 1 + 30 + (-42 + 26 - -7 - -12).
47
Evaluate 73 - (1 - -12) - 3 - 12 - (0 - -10).
35
What is -18 - (-109 - -52) - 36?
3
3 - (-17 + -48) - 125
-57
What is the value of -19 - -10 - (-2 + -11) - 52?
-48
What is the value of (0 + -3 - (-48 - -25 - 16)) + -12?
24
Calculate -17 + (87 - 72) - (0 - -1) - (28 - 0).
-31
What is (-18 + -3 - -3 - (83 + -49 + -43)) + -58?
-67
Evaluate ((-4 - 23) + 45 - 0) + -3.
15
0 + -8 - (-32 - (17 + 7 + (-13 - -2)))
37
Calculate -8 + (27 - 27) - (-1 + -13 - -3) - 13.
-10
What is the value of (-10 - -5 - (0 - 86)) + -13 + -41 + 44?
71
Evaluate -353 + 264 + (19 - 19).
-89
What is -5 + 12 + (-26 - (-8 + -7) - -21)?
17
What is 16 - 3 - ((-22 - -7) + 14 + -26)?
40
Evaluate -1 + 45 + (803 - 871).
-24
Calculate 40 - (71 - 44) - 61.
-48
Evaluate -20 + 27 + -15 - (141 + -69).
-80
Evaluate 0 - (2 + 4) - (20 - (1 - -26)).
1
22 - (-96 - (-170 + 9))
-43
What is -65 + (2 - (-22 - 33))?
-8
Calculate 11 + 15 + -13 + -2 - 10 - (-56 - -2).
55
Calculate -6 - ((5 - 18) + 6 + (31 - 29) + -45).
44
Calculate (15 - 28) + 1 - (-6 + 19) - 12.
-37
Calculate -28 - (-8 + -60 + (47 - 18)).
11
Evaluate (9 - 0) + (16 - (3 - (-3 + -3 + 12))).
28
What is the value of 42 - ((34 - 16 - 3) + (-3 - 6))?
36
78 + 335 + -323 + 6 + (0 - 3) + -8
85
What is -1 - ((-1 - (-10 + 3)) + (2325 - 2375))?
43
Evaluate 0 - -2 - (-5 + (19 - 42) + -34 - -1).
63
Calculate (14 - (60 + -33)) + -26.
-39
Calculate 20 - 19 - (-7 - (-21 - 36)) - 10.
-59
What is 2 - (-2 - (-20 + (3 + 3 - (-28 - -27))))?
-9
What is (-1 + 0 - -3) + (2639 - 2681)?
-40
Calculate 39 + 27 + (-32 - -54) + -10.
78
What is the value of 81 - (-10 - -72) - (-92 - (-4 - -7))?
114
Calculate -14 + 12 + -8 + 15 + (-6 + 0 - -2).
1
Calculate 14 + -26 + (-5 + 6 + -26 - -8).
-29
Evaluate -128 + 64 + -165 + 213.
-16
What is -38 + (3 - (3 - ((6 - 10) + 8 - 10)))?
-44
What is the value of 91 + -36 + -25 - (-6 + 0)?
36
What is 10 + (-22 + 10 - (-4 + 1 + 6))?
-5
Evaluate 24 + (-24 - -38) + 1 + 6 + -12.
33
Calculate -6 + -56 + 17 + 10.
-35
Evaluate -55 + (57 - (94 - 37) - (0 - -2 - -1)).
-58
-2 + -14 - (-3668 - -3672)
-20
Evaluate (3 + -9 - 6) + 14 + -12 + -17.
-27
Evaluate 41 + (80 - 73) + -101.
-53
Calculate -6 - (-39 + 1 - (-876 - -794)).
-50
Evaluate 39 + 0 + -12 + -6 + (-39 - -47).
29
Calculate -4 + (-10 - (27 + -17 - 15)).
-9
Calculate (8 - (5 + 1)) + (-9 - -17) + -6.
4
Evaluate 30 - (-21 + 27 + (-47 - -25)).
46
Calculate 2 + (44 - (-89 - -55)).
80
Evaluate -19 + (-58 - -70) + 66.
59
-12 + -23 - (4 - 62)
23
What is the value of 4 - (1 - 1) - (26 + -38 - -63)?
-47
What is 0 + -21 + (954 - 956)?
-23
Evaluate (6 - (-12 + -8 + 22)) + 7.
11
What is -769 + 775 + (-3 - -4) + -3 + 7?
11
Calculate 4 + (-62 - -44) - 12.
-26
What is the value of (-10 - ((9 - -22) + -13)) + -51 + 34?
-45
-5806 + 5738 - (46 + 1 + 4)
-119
What is the value of 26 + -9 - (273 - 214)?
-42
What is the value of 5 + -26 + 2 - -39 - 85?
-65
56 + (-16 - (157 - 255))
138
Calculate -15 - (48 - (79 - -20)).
36
Calculate -6 + 25 - (73 - 141).
87
What is (4 - ((0 - 17) + 17)) + -13 + -2 + 13?
2
Calculate -7 - ((-8 - -11) + -28) - 34.
-16
Calculate -21 - ((1 - -25) + -50 - -28).
-25
Evaluate 56 - 97 - (2 + -67).
24
Calculate (-11 - (-7 - -14)) + 15.
-3
(2 - -1 - 10) + (356 - 356 - (-8 - 0))
1
What is the value of -2 + 18 + 2 + (21 - 24 - (-40 - -31))?
24
Calculate -9 - 0 - (91 - (16 + (10 - -2))).
-72
Calculate (1 - -7) + (63 + -75 - (-30 + -2)).
28
(22 - (82 - 19)) + 51
10
What is the value of 6 + 16 + 4 - (-71 - (30 - 104))?
23
Evaluate (-1 - -4) + (-11 - (-4 - -3)) - (11497 + -11520).
16
What is the value of -46 + -34 + 37 + 1 + 0 - (9 - 13)?
-38
What is 79 + 6 + -18 + 0 + -2 - 2?
63
Evaluate 587 + -465 + (-70 - -7).
59
What is the value of -16 + -4 + (-16 - -38) - -9?
11
What is the value of -29 + 38 + 34 + -14 + -129?
-100
241 + -59 + 146 + -237
91
Evaluate (-7 - -14 - -34) + -12.
29
Calculate (-16 - -15) + 22 + (9 - 1) + 4.
33
-28 - 70 - (-60 + -39)
1
What is 2